8
Suppose 5*i = -q + 60664 + 48258, 4*i + 3*q = 87153. What is the units digit of i?
3
Let b(j) = j**3 + 12*j**2 - 12*j + 21. Let t be b(-11). What is the tens digit of (-1 + 7)/(23 - 20) + t?
7
Suppose -1968 = z + 5*z. Let r = 577 + z. What is the hundreds digit of r?
2
Suppose -102*n + 87*n + 103234 = 649. What is the tens digit of n?
3
Let m(x) = -52*x + 33. Let p be 7 - (3 - 1)*5. What is the tens digit of m(p)?
8
Let p(b) be the third derivative of -8/3*b**3 + 0*b - 7/12*b**4 + 0 - b**2. What is the tens digit of p(-8)?
9
Let y(q) = -q**3 - 7*q**2 + 8*q. Let w be y(-8). Suppose 2*k + 2*j + 2 - 4 = w, 3*k + 4*j - 2 = 0. Suppose 8*v - 342 = k*v. What is the units digit of v?
7
Let o = -6570 + 6573. Let m(y) be the first derivative of 5*y**4/4 - 4*y**3/3 - y**2 + 2*y - 1. What is the tens digit of m(o)?
9
Let o be -1 + -3 + -3 + 10. Suppose -o*h - 2*j + 694 = 0, 5*h - 1163 = -4*j + 7*j. What is the units digit of h?
2
Suppose 4*x - 7*x - 3*f + 70002 = 0, 0 = 5*f + 5. What is the thousands digit of x?
3
Let n(y) = 473 + 52*y**3 - y**2 - 24*y**3 - 29*y**3. What is the tens digit of n(0)?
7
Suppose -83908 = -42*z + 172124. What is the units digit of z?
6
Let d(u) = 55*u**2 - 45*u - 145. What is the thousands digit of d(-19)?
0
Let i = 8253 + 14777. What is the units digit of i?
0
Suppose 5*u = -2*z - 2*z + 8305, 2*z + 8275 = 5*u. Suppose -u*a + 2808 = -1653*a. What is the units digit of a?
2
Let k(z) = z**3 + 19*z**2 - 25*z - 97. Let v be k(-20). Suppose -v*g = -1950 - 159. What is the hundreds digit of g?
7
Let r = -1040 + 613. Let l = r + 1611. What is the thousands digit of l?
1
Suppose 3*g = f + 1440 - 28, 2*g = -2*f + 944. Suppose -g = 5*p - 3431. What is the units digit of p?
2
What is the hundreds digit of (-13 + 378/28)/(1/29246)?
6
Let a(k) = -2*k**3 - 2*k**2 + 6*k + 4. Let s be a(-2). Suppose -3*w + w - 8 = s. Let r(h) = h**3 + 10*h**2 - h - 9. What is the tens digit of r(w)?
9
Suppose 4*s - z = -6, -5*s - 5*z + 5 = -0. What is the units digit of s*((-5516)/154 + (-2)/11)?
6
Suppose 5*a - 991 = 10789. Suppose 7*s - 3*s = a. What is the hundreds digit of s?
5
Suppose 32 + 4 = 9*k. Suppose 0 = o + 4*g - 510, -k*o + 898 = 2*g - 1156. What is the tens digit of o?
1
What is the thousands digit of 34 + 3084 - (0 + 7)*1?
3
Let w(t) = -t**3 - 3*t**2 - 3*t - 6. Let n be w(-3). Let h be 82/3*n*13/26. Suppose 6*q - h = 13. What is the units digit of q?
9
Let m(u) = u**3 + 4*u**2 - 2*u - 6. Let c be m(-4). Let y = -87 - -603. Suppose 2*x + 3*a - 210 = a, c*a - y = -5*x. What is the units digit of x?
2
Let s(k) = k**3 + 11*k**2 + 7*k - 30. Let y be s(-10). Suppose -5*n + 2340 = -y*n. What is the tens digit of n?
6
What is the thousands digit of (-11481)/(-9) - (8/20)/(12/(-10))?
1
Let c(g) = -2*g**3 - 3*g**2 + 1. Let h be c(-2). Suppose -n + 16 = 2*o + o, -2*o + 41 = h*n. What is the tens digit of (-18)/(-4)*(11 - n)?
1
Suppose 8*m = 7454 + 18954. Let o = m - 2179. What is the thousands digit of o?
1
Suppose 5*c - 5 = -30. What is the hundreds digit of (-154)/35 + 4 - 1822/c?
3
What is the ten thousands digit of 6*(18 - 324747/(-54))?
3
What is the thousands digit of (-5)/(-6)*(-32)/40 - 81122/(-3)?
7
Let q(a) = a. Let h(m) be the first derivative of -m**2 - 28*m - 19. Let z(o) = -h(o) - 10*q(o). What is the hundreds digit of z(-15)?
1
Suppose 4*k = k + 60. Let f = 20 - k. Suppose x + 130 = 4*x + 4*v, f = 2*x - v - 72. What is the units digit of x?
8
Let y(h) = h**3 + 6*h**2 + 4*h - 2. Let g be y(-5). Suppose 0 = -d - 2*c - g*c + 108, -4*d - 3*c + 381 = 0. Let q = d + -47. What is the tens digit of q?
4
Let l = -9935 + 13846. What is the hundreds digit of l?
9
Suppose 0 = -7*l + 10*l. Let n(h) = h**3 + h**2 + 3*h + 470. What is the hundreds digit of n(l)?
4
Let q(c) = 7001*c**3 + 3*c**2 - 5. What is the tens digit of q(2)?
1
Suppose 2*h = 2*s + 3*s + 40, -2*h - 2*s + 54 = 0. Suppose 3*l + h = -11. What is the units digit of (-118)/(-3) - l/18?
0
Let o = 6 + -11. Let t be (-1 - o) + (-2 - 2). Suppose 2*v - 158 + 8 = t. What is the units digit of v?
5
Suppose -3*p - 655 = 374. Let m = p + 553. What is the tens digit of m?
1
Suppose 24386 = 2*w + 2*f, 15457 = 3*w + 4*f - 21128. What is the ten thousands digit of w?
1
Suppose 3951 + 14774 = 35*w. What is the hundreds digit of w?
5
Let t be 3 + 182/42 - (-4)/(-3). What is the tens digit of ((-1196)/t)/((-5)/15)?
9
Let s(l) = -l**3 + 34*l**2 - 48*l + 283. What is the hundreds digit of s(32)?
7
Let g = -9 + 9. Suppose 2*q + 127 = 5*p, g*q - 71 = q + 5*p. What is the units digit of -7 - -5 - (q - -1)?
3
Suppose 3*h + g = 1184, -4*h + 1389 = 5*g - 186. Suppose 15*r - 2282 = -6407. Let b = h + r. What is the units digit of b?
0
Let m be (45/(-10) + 4)/((-4)/40). Let u(f) = 74*f + 103. What is the tens digit of u(m)?
7
Let z = -7 + 115. Let f = 112 - z. Suppose -q + t = -0*q - 210, 1053 = 5*q - f*t. What is the units digit of q?
3
What is the thousands digit of (-5165)/(-1) + (-333)/(-37)?
5
Let f be (-5 + 1)/(-1 - 0). Suppose -896 = -5*g + f*w, 2*g - 4*w - 447 = -91. Let x = g - -36. What is the units digit of x?
6
Let u = -4705 - -8205. Suppose -24*t + u = -17*t. What is the hundreds digit of t?
5
Suppose 4566 - 774 = 3*h. What is the units digit of h/(-10)*120/(-48)?
6
What is the thousands digit of (1944/18)/18 - -58913?
8
Suppose 5*h = 2*h. Suppose -5*y - 5*y + 130 = h. Suppose 0 = -6*u + y*u - 168. What is the units digit of u?
4
Let o = 309 - 306. Suppose v = o*v + 3*q - 851, -3*v = -4*q - 1234. What is the hundreds digit of v?
4
Let d(c) = 368*c**2 - 216*c - 828. What is the units digit of d(-4)?
4
Suppose -k - 17 = -64. Let a = 1248 - 1180. Let s = a - k. What is the tens digit of s?
2
Let z = 10 - 8. Let c(y) = y + y**z - 3 - 4*y - 2 + 4. What is the tens digit of c(8)?
3
Let u(n) = 2*n + 7*n**2 - 13*n - 4*n**2 - 26 - 8*n. What is the hundreds digit of u(15)?
3
Let s(a) be the second derivative of 11*a**3/2 - 17*a**2 + 2*a. Let i = -623 - -628. What is the tens digit of s(i)?
3
Suppose -158*t = -194*t + 1298988. What is the units digit of t?
3
Suppose -4*t - 107 = 3*l + 2428, -t = 0. Let c = l - -1236. What is the hundreds digit of c?
3
Let m(h) = -2*h**2 + 22*h - 63. Let g be m(5). What is the hundreds digit of 1*(729 - g - -1)?
7
Let o(m) = 1364*m + 108. What is the hundreds digit of o(2)?
8
Let f = 292 - -509. Suppose 4*w - f = 319. What is the units digit of (9/(-5))/(4/(w/(-21)))?
6
Let y = 46260 - 14366. What is the ten thousands digit of y?
3
Let y = 197 + -219. Let u(w) = -w**3 - 21*w**2 + 6*w - 42. What is the hundreds digit of u(y)?
3
Suppose p = -p. Suppose 3*i - 3*x - 15 - 6 = 0, p = -5*i - 3*x + 11. Suppose 3*f - 2*h = 19 + 48, 2*f = -i*h + 18. What is the tens digit of f?
1
Let g(x) be the first derivative of 10*x**3/3 + 63*x - 86. What is the tens digit of g(12)?
0
Let u = -156 - -159. Suppose 5*t = c + 1025, 12*c + 622 = u*t + 10*c. What is the tens digit of t?
0
Let z(y) = -y**2 - 4*y + 70. Let m be z(6). What is the tens digit of 1*((m - 4) + 301)?
0
Let p(y) = 12*y**3 - y**2 - 5*y + 1. Let h(l) = -36*l**3 + 3*l**2 + 14*l - 2. Let b(t) = -4*h(t) - 11*p(t). Let d = -5 + 7. What is the units digit of b(d)?
7
Suppose -231*u = -64*u - 501334. What is the thousands digit of u?
3
Suppose -4*n + 9 = -0*n - 3*m, -9 = n + 3*m. Let q be (-4)/(-2)*(n - (-6)/4). Suppose q*k - l - 339 = 17, 5*l = -25. What is the hundreds digit of k?
1
Suppose -45*x + 47*x + 5*r = 2322, 4*x + 4*r = 4620. Suppose 2*j + 3*t = x, 3*t + 2257 = j + 3*j. What is the hundreds digit of j?
5
Suppose -30358 + 203248 = 45*m. What is the thousands digit of m?
3
Suppose 5*v - 22 = -2. Suppose -r - 3*t + 3 = -v*r, -r = 3*t - 15. What is the tens digit of (16/(-24) - (-33)/1)*r?
9
Suppose 4369 = 20*k - 3*k. Suppose -9 = 256*q - k*q. What is the units digit of q?
9
Let t(c) = -49*c - 58. Let r be t(-18). Suppose -26*w + 18*w = -r. What is the units digit of w?
3
What is the hundreds digit of -50*((-2481)/6 + -1)?
7
Let x(a) = 2*a**2 + 18*a - 12. Let s be x(-10). Suppose 4*d + 4132 = s*d. What is the hundreds digit of d?
0
Let f = 334 + -334. Suppose -1149*m + 1144*m + 7705 = f. What is the tens digit of m?
4
Let t(m) = -1721*m + 5346. What is the ten thousands digit of t(-23)?
4
Let t be 35*(-14)/(-196)*1284/5. Suppose -